 8)) + 1.
-6
Evaluate -2 + 2 - 3 - -2.
-1
Calculate 10 + (-22 - -5) + 6.
-1
Calculate (6 + -1 - -5) + -8.
2
Evaluate -1 + -2 - (7 - 14).
4
Calculate 0 - (0 - 4) - 5.
-1
7 - 11 - (-7 + 3 + 8)
-8
Calculate -4 - (5 - 5) - -9.
5
Calculate -34 + 24 - (0 + -18).
8
-25 + 32 - (7 + 2 + 3)
-5
Calculate -5 - 0 - (-1 - 1).
-3
What is -1 - (-4 + 4 + -1)?
0
What is 3 - (2 + 6 + -11)?
6
What is (2 - 8) + (-28 - -38)?
4
What is the value of 0 - (5 + -4 - 3)?
2
What is the value of 1 - (-2 - (8 - 6))?
5
Calculate (-1 - 3) + -5 - -16.
7
Calculate (1 - 1) + (-8 - -4) + 2.
-2
What is the value of (-1 - 12) + 102 + -83?
6
What is the value of 1 - 6 - ((-26 - -6) + 8)?
7
What is the value of (2 - 1) + (-11 - -5) + 3?
-2
Calculate (5 + -1 - 4) + -1.
-1
Calculate (2 - 2) + 0 + 7 + -12.
-5
What is the value of (-14 + 6 - -4 - -3) + 1?
0
Calculate -7 + -4 + -6 + 11 + -3.
-9
What is the value of -31 + 39 + -2 + -1?
5
Evaluate 3 - (-3 + (10 + -3 - -3)).
-4
Evaluate -2 + -2 + 1 - (1 - 0).
-4
-8 + 3 - (-13 + 4 - -2)
2
Evaluate (12 - (-2 - -13)) + 9.
10
What is the value of (-7 - -7) + -7 + 16?
9
What is 2 - (3 - (-10 + 6))?
-5
Evaluate -3 - (3 - (-1 + 10)).
3
Calculate (-11 - (9 - 2)) + 9.
-9
What is the value of -3 - (0 + -2) - -8?
7
Evaluate -1 - (-1 + -3 - -9 - 9).
3
Calculate (1 + 16 - (-86 - -89)) + -5.
9
Calculate 0 - (5 + -12 + 9).
-2
What is 5 + 0 - (-186 + 193)?
-2
Calculate 0 + 4 + 2 - (6 + -5).
5
Evaluate 8 - (0 - -4 - 1).
5
What is the value of 2 - (2 - (-6 + 3)) - -1?
-2
Evaluate 1 + 6 + 0 + -3 + -1.
3
What is the value of 0 + -3 + (0 - -1 - 4)?
-6
What is the value of 1 - (-3 + 4 - 4)?
4
(-2 - -3) + 1 + -3
-1
Calculate 2 + -1 + -49 + 37.
-11
What is the value of 1 - (-3 + 1 - (6 - 5))?
4
What is 7 - (-2 + (3 - -8))?
-2
What is (1 - 1 - 0 - 1) + 4?
3
What is (15 - 9) + (-1 - 1)?
4
Evaluate -4 + 1 + 9 + -3 - 3.
0
What is the value of 12 + -11 - (-2 + 2) - 2?
-1
Evaluate 0 + (-4 - -7) - -1.
4
Calculate 4 + -6 + 1 + 0.
-1
Calculate (6 - (19 - 4)) + 4.
-5
What is -3 - (-15 + 10 + 6 + -2)?
-2
What is 1 - -6 - (-9 + -7 + 15)?
8
Calculate -1 + -1 - 3 - -7.
2
-2 - (1 + 2 - 4) - 2
-3
Evaluate 7 + -12 + 9 - 14.
-10
What is the value of 6 + (-2 + -2 - -2)?
4
Calculate -5 + -2 + 9 + -5.
-3
-11 - (14 - (-7 + 24))
-8
What is the value of (-2 - -2) + 4 + -7 + -3?
-6
What is -31 + 33 - (2 - 1 - 0)?
1
-2 + (0 - 4 - -7) + 3
4
What is 0 + (4 + 0 + -3 - 2)?
-1
-5 - (-7 + 4) - (-5 - -1)
2
What is the value of 6 + (-7 - 2) + -3 - -3?
-3
What is the value of 0 - -14 - (-114 + 119)?
9
Calculate -3 - ((1 - -1) + -11 + 5).
1
What is -9 + 10 - -13 - 5?
9
-3 + (0 + -2 - -8) + -4
-1
Calculate -3 - ((-3 - 0) + -3).
3
What is 9 + (-8 - -4) - 5?
0
Calculate (-2 - -2) + -2 - (-1 + -6).
5
Evaluate 1 - 7 - (-1 + -1 - -2).
-6
Calculate -5 + -2 + -13 + 20.
0
Calculate 45 - 47 - (4 - 1).
-5
What is (2 - 1) + -5 + (7 - 4)?
-1
127 + -118 + (4 - 2)
11
What is 2 - 4 - (0 - -1)?
-3
What is the value of -3 + (-2 - -2) + 2?
-1
(0 - 3) + -2 + (0 - -5)
0
Evaluate (3 - (-6 - -3)) + -2 + 4.
8
1 - (0 - 1 - -4) - -1
-1
What is the value of (-20 - -8) + 0 - -8?
-4
Evaluate (-3 + 7 - 6) + (21 - 25).
-6
What is 0 - 7 - (1 - 6 - 1)?
-1
Calculate 9 - 16 - (-5 + 0).
-2
What is -7 - ((-4 - (0 + -1)) + 3)?
-7
What is the value of -2 + (-3 - (0 + 3 + -7))?
-1
What is the value of -3 - -3 - (-4 + 0 + -4)?
8
Evaluate -2 + (12 + -2 - (-1 + 4)).
5
What is 11 - (-6 + (3 + 3 - -7))?
4
3 + -7 + -2 + 1
-5
4 + (2 - -1) + -1 + -1
5
What is the value of (-1 - -1 - -1) + 1 + 1?
3
Calculate -2 + 0 + 8 + -4.
2
What is -2 + 3 + (0 - -2) + 1?
4
What is 0 + (-9 - (-2 + -3)) + 6?
2
What is the value of (-8 - -12) + -4 + 5?
5
What is the value of -11 - (-13 - -7) - -7?
2
What is the value of 7 - 7 - (0 - -5 - 0)?
-5
Calculate 0 + -1 + 2 + 8 + -3.
6
6 - (-1 + -7 + 10 + 2)
2
Evaluate 6 - (-12 - -5) - 6 - 3.
4
Evaluate 5 - (5 + (-12 - -4) + 11).
-3
(2 - (-2 + 1)) + -30 + 26
-1
What is (-2 - 0) + -5 - (-2 - 2)?
-3
What is the value of (9 - -3 - 6) + -7 + 2?
1
What is -6 + 5 - -1 - 0?
0
Evaluate 7 + -12 + (-5 - -3) + 4.
-3
Evaluate -6 + (1 - (-7 + 2) - 1).
-1
Evaluate (2 - 2) + (-16 - -8 - -2).
-6
Evaluate -7 - -5 - 1 - (0 - -6).
-9
Evaluate (4 - (2 + -1)) + 1.
4
What is the value of 14 + -12 + (-1 - (-1 + -2))?
4
Evaluate 3 + (0 - 3 - (0 - -1)).
-1
What is 5 - (0 + -2 + 3)?
4
Evaluate 4 + (1 - (0 - -4)) + 4.
5
-2 - (1 + 3 + -1)
-5
What is the value of -1 + 6 - (3 - 0) - -3?
5
1 + -5 + 3 - (-3 - 2)
4
Calculate -14 + 19 + (-3 - 8).
-6
Evaluate (-5 - -3 - 4) + 1 + 9.
4
What is the value of (6 - -3 - 4) + (3 - 14)?
-6
Calculate -12 - ((22 - 10) + -23).
-1
Evaluate 2 + (0 + 6 - 3).
5
Calculate 1 + 15 + -11 - 9.
-4
-6 + (4 - (-3 - -3)) - -4
2
What is 6 + 4 + -7 - 8 - 0?
-5
Calculate 1 - 9 - (-4 - (-1 - 0)).
-5
What is the value of -7 + (1 - (6 + -5 - 3))?
-4
Calculate (5 - 8) + (-4 - -3).
-4
Evaluate (1 + -7 - -14) + 1 - 4.
5
Calculate (-2 - (-5 + 4)) + 4.
3
Evaluate -1 - (2 + -4 - (11 - 11)).
1
What is the value of -15 - (-10 - (-9 + 7))?
-7
What is 13 + -17 - (3 - 13)?
6
Evaluate 10 - 1 - 2 - 2.
5
Evaluate 1 + 2 - (-11 - (-9 - 2)).
3
-12 - (-4 - 8) - (0 - -3)
-3
What is -13 + 29 - 5 - 20?
-9
What is the value of (10 - 4) + (-6 - (1 + -3))?
2
Calculate -21 + 8 - (0 - 22).
9
Calculate -9 - (2 + (3 - 10)).
-4
Evaluate (-4 - (8 - 3)) + 1.
-8
Evaluate 4 - (9 - 13) - 8.
0
What is (0 - (2 - 1)) + 3 - 6?
-4
Evaluate -2 + -6 + (-6 - -14 - 5).
-5
What is the value of (-9 - -3) + 17 - 6?
5
What is (-4 - -3) + 5 + -12 - -3?
-5
What is 7 - (18 - (5 - -1))?
-5
Calculate -5 - (2 + 3 - 7).
-3
3 - (9 + 1 - 6)
-1
What is -9 + (2 - 4) + 5?
-6
What is the value of (3 - 0) + -3 + -1?
-1
What is the value of 41 + -38 + -1 + -1?
1
Calculate -10 - (-2 + 1 + -2).
-7
Evaluate -1 - (2 + 8 + -16).
5
What is 6 + -5 + -3 + 5?
3
What is 6 + -2 - ((0 - 2) + 1)?
5
Evaluate 6 - 1 - (20 + -12).
-3
Calculate -2 - (-2 - (7 + -4)).
3
Calculate -5 + 1 + (1 - 0).
-3
Calculate -92 + 101 + 1 + -5.
5
What is 7 - (-1 + -5 - -12)?
1
Evaluate 5 + 1 + -5 + 4.
5
What is (-4 - -8) + (-9 - 0)?
-5
Evaluate 6 + (2 - 5 - 0).
3
4 - ((-9 - -19) + 3 + -6)
-3
4 + 9 + -1 - (-5 + 11)
6
-8 - -22 - 23 - (0 + 0)
-9
What is 4 + -2 - (-3 - (-14 - -3))?
-6
What is 11 - 5 - -2 - 3?
5
Calculate (-37 - -29) + (1 - 2 - -5).
-4
What is the value of (9 - 12) + (8 - 1)?
4
2 + -6 - (12 + -20)
4
1 - (-2 + -5 + -11 + 26)
-7
What is (0 - -3) + -2 + 0?
1
Calculate -3 - (2 + 2 - 8).
1
What is the value of (5 - (0 - -2)) + 2 - 7?
-2
Calculate 2 + 3 + -8 - (-16 - -9).
4
What is -142 - -151 - (1 - (1 - 6))?
3
Calculate 10 - (5 - 10 - -9) - 12.
-6
Calculate -8 - (2 - 7 - 7).
4
Calculate (70 - 62) + 2 + -9.
1
What is the value of -2 + 1 + (-31 - -37)?
5
What is the value of 9 - (3 + 0 + 1) - 3?
2
What is the value of 3 + -2 + (-5 - -18 - 6)?
8
What is the value of -15 + -2 + -2 + 11 + 10?
2
Evaluate 188 - 181 - (-1 + 4).
4
What is 1 - 6 - (34 + -27 - 2)?
-10
Calculate -18 + 0 + 111 + -99.
-6
What is the value of (-2 - -3) + -1 - (-4 + 2)?
2
What is the value of (7 - 1) + (-4 - 0)?
2
Evaluate -2 + 7 - 3 - (6 + -4).
0
0 + 14 - (-84 + 88)
10
What is (-4 - -3) + (-1 - -2)?
0
Calculate 0 + (8 - (13 + -6)).
1
Calculate (-3 - (2 + -15)) + -4 + -1.
5
What is -8 + 9 + (-4 - 2)?
-5
What is the value of 1 - (1 + -2 - (-8 - -1))?
-5
Evaluate -1 + -5 + (5 - -9 - 7).
1
Evaluate -3 + 0 + (-17 - -23 - 9).
-6
What is 9 + -5 + 0 + 2 + -2?
4
What is -6 + 0 + (9 - 5)?
-2
1 - (-3 - -8) - -9
5
Evaluate -2 + (4 - (4 - 5)).
3
What is -5 + (-3 - -22 - 5) - 6?
3
What is the value of 11 + (1 - (0 + (11 - 6)))?
7
8 + (7 - (-2 - -10)) - 1
6
(3 - 3 - 2) + 2
0
(0 - 2) + 6 + -4 + 6
6
What is the value of 5 - (-5 + 19 + -8)?
-1
Evaluate (-1 - 4) + 1 + (-7 - -6).
-5
What is the value of 2 + -1 - (-26 - -25)?
2
Evaluate -1 - (-1 + 2 + -3).
1
4 + 1 + -3 + -6
-4
Calculate -9 + 14 + (-1 - (-3 + 3)).
4
(-6 + 5 - -1) + (1 - -4)
5
What is (-5 - (2 - 4)) + 3?
0
Calculate -3 - (12 + -8) - -13.
6
What is the value of 12 + -18 - (-4 - (-2 - -4))?
0
What is the value of (-3 - -5) + -6 + 2 + -3?
-5
What is 2 + 1 + (-3 - 0) + -2?
-2
0 + -4 - (2 + -3)
-3
What is the value of 3 + (1 - 6 - -4)?
2
Calculate (4 - 5) + 3 + 0 + -3.
-1
Evaluate 16 - 6 - (-7 + 13).
4
Evaluate -5 - (-9 - -7 - (0 + 1)).
-2
What is (0 - -1) + -2 - (1 - -1)?
-3
What is 7 + -8 + 1 + 0 - 1?
-1
Evalu